{"id":1838,"date":"2022-05-31T19:21:49","date_gmt":"2022-05-31T19:21:49","guid":{"rendered":"https:\/\/ibpsmexico.com\/?page_id=1838"},"modified":"2022-05-31T19:27:20","modified_gmt":"2022-05-31T19:27:20","slug":"aviso-de-privacidad","status":"publish","type":"page","link":"https:\/\/ibpsmexico.com\/?page_id=1838","title":{"rendered":"Aviso de Privacidad"},"content":{"rendered":"<section class=\"wpb-content-wrapper\"><p>[vc_row][vc_column][vc_custom_heading text=&#8221;Aviso de Privacidad&#8221; font_container=&#8221;tag:h2|text_align:center&#8221; google_fonts=&#8221;font_family:Roboto%3A100%2C100italic%2C300%2C300italic%2Cregular%2Citalic%2C500%2C500italic%2C700%2C700italic%2C900%2C900italic|font_style:400%20regular%3A400%3Anormal&#8221; css=&#8221;.vc_custom_1654025035549{padding-bottom: 80px !important;}&#8221;][\/vc_column][\/vc_row][vc_row][vc_column][vc_column_text]<\/p>\n<p style=\"text-align: center;\">INTERNATIONAL BUSINESS PROFESIONAL SERVICES, S.C. ubicado en Av. \u00c1lvaro Obreg\u00f3n No. 270, Col. Condesa, Del. Cuauht\u00e9moc, C.P. 06700 M\u00e9xico Distrito Federal, reconoce la importancia que tiene el tratamiento leg\u00edtimo, controlado e informado de sus datos personales y pone a sus disposici\u00f3n el presente Aviso de Privacidad, a fin de que conozca sus pr\u00e1cticas al obtener, usar, almacenar y, en general, tratar sus datos personales, de conformidad con la Ley Federal de Protecci\u00f3n de Datos Personales en Posesi\u00f3n de los Particulares.<\/p>\n<p style=\"text-align: center;\">En caso de que se establezca una relaci\u00f3n profesional entre usted y nosotros, usaremos los datos proporcionados para estar en comunicaci\u00f3n con usted en relaci\u00f3n con sus asuntos y para realizar los servicios materia de nuestra relaci\u00f3n contractual. De tiempo en tiempo tambi\u00e9n podemos usar esos datos para enviarle a usted informaci\u00f3n que pudiera ser de su inter\u00e9s sobre reformas legales en M\u00e9xico o noticias sobre nosotros.<\/p>\n<p style=\"text-align: center;\">Sus datos personales no ser\u00e1n divulgados ni compartidos con terceros (no habr\u00e1 transferencia de datos), ni se les dar\u00e1 un uso distinto al se\u00f1alado en el p\u00e1rrafo anterior, con excepci\u00f3n de aquella informaci\u00f3n requerida por las autoridades competentes en t\u00e9rminos de la legislaci\u00f3n aplicable.<\/p>\n<p style=\"text-align: center;\">Usted podr\u00e1 ejercer los derechos de acceso, rectificaci\u00f3n, cancelaci\u00f3n y oposici\u00f3n respecto de sus datos personales, de conformidad con las leyes aplicables, mediante solicitud a Edgar Mendoza Ch\u00e1vez, en el domicilio se\u00f1alado en Av. \u00c1lvaro Obreg\u00f3n No. 270, Col. Condesa, Del. Cuauht\u00e9moc, C.P. 06700 M\u00e9xico Distrito Federal, \u00f3 al correo edgar.mendoza@ibps.com.mx,<\/p>\n<p style=\"text-align: center;\">El presente aviso de privacidad podr\u00e1 ser modificado por nosotros en el futuro. Cualquier cambio al presente ser\u00e1 publicado en esta p\u00e1gina de internet.<\/p>\n<p>[\/vc_column_text][\/vc_column][\/vc_row]<\/p>\n<\/section>","protected":false},"excerpt":{"rendered":"<p>[vc_row][vc_column][vc_custom_heading text=&#8221;Aviso de Privacidad&#8221; font_container=&#8221;tag:h2|text_align:center&#8221; google_fonts=&#8221;font_family:Roboto%3A100%2C100italic%2C300%2C300italic%2Cregular%2Citalic%2C500%2C500italic%2C700%2C700italic%2C900%2C900italic|font_style:400%20regular%3A400%3Anormal&#8221; css=&#8221;.vc_custom_1654025035549{padding-bottom: 80px !important;}&#8221;][\/vc_column][\/vc_row][vc_row][vc_column][vc_column_text] INTERNATIONAL BUSINESS PROFESIONAL SERVICES, S.C. ubicado en Av. \u00c1lvaro Obreg\u00f3n No. 270, Col. Condesa, Del. Cuauht\u00e9moc,&#8230;<\/p>\n","protected":false},"author":1,"featured_media":0,"parent":0,"menu_order":0,"comment_status":"closed","ping_status":"closed","template":"","meta":{"footnotes":""},"class_list":["post-1838","page","type-page","status-publish","hentry"],"_links":{"self":[{"href":"https:\/\/ibpsmexico.com\/index.php?rest_route=\/wp\/v2\/pages\/1838","targetHints":{"allow":["GET"]}}],"collection":[{"href":"https:\/\/ibpsmexico.com\/index.php?rest_route=\/wp\/v2\/pages"}],"about":[{"href":"https:\/\/ibpsmexico.com\/index.php?rest_route=\/wp\/v2\/types\/page"}],"author":[{"embeddable":true,"href":"https:\/\/ibpsmexico.com\/index.php?rest_route=\/wp\/v2\/users\/1"}],"replies":[{"embeddable":true,"href":"https:\/\/ibpsmexico.com\/index.php?rest_route=%2Fwp%2Fv2%2Fcomments&post=1838"}],"version-history":[{"count":3,"href":"https:\/\/ibpsmexico.com\/index.php?rest_route=\/wp\/v2\/pages\/1838\/revisions"}],"predecessor-version":[{"id":1842,"href":"https:\/\/ibpsmexico.com\/index.php?rest_route=\/wp\/v2\/pages\/1838\/revisions\/1842"}],"wp:attachment":[{"href":"https:\/\/ibpsmexico.com\/index.php?rest_route=%2Fwp%2Fv2%2Fmedia&parent=1838"}],"curies":[{"name":"wp","href":"https:\/\/api.w.org\/{rel}","templated":true}]}}